 prime factors of -2 - (1 + (-34 - d)).
5, 7
Let i = 2244 - 666. List the prime factors of i.
2, 3, 263
Let k(h) = -h**3 - 5*h**2 + 8*h + 4. Let p be k(-6). Let t(b) = 11*b + 5. Let d(g) = 4*g + 2. Let m(z) = p*d(z) + 3*t(z). What are the prime factors of m(5)?
2
Let c(q) = 263*q - 183. List the prime factors of c(4).
11, 79
List the prime factors of ((-16)/(-3))/2*(-3279)/(-4).
2, 1093
Let y = -23 + 14. Suppose 2*b = 5*b + 72. Let o = y - b. List the prime factors of o.
3, 5
Suppose 235 = -9*o + 14*o. Let k = o - 9. List the prime factors of k.
2, 19
Let k(z) = z**2 + 173. Let w be k(0). Suppose 5*p + 8 - w = 0. What are the prime factors of p?
3, 11
Suppose -1 - 7 = 4*l. Suppose -24*a - 561 = -153. Let z = l - a. What are the prime factors of z?
3, 5
Let a(m) = -m**3 - 10*m**2 + m + 11. Let k be a(-10). Suppose 5*c + 5*y - 5 = 0, 0 = -2*c - 5*y - k - 3. What are the prime factors of c?
3
Let o(y) = y**3 - 6*y**2 - 8*y + 17. Suppose 4*h + 12 = -z, 0 = -7*z + 2*z - 2*h + 30. List the prime factors of o(z).
3
Suppose 2*i = -n + 423, 2*n - 5*n = 2*i - 429. Suppose 4*r - 174 - i = 0. What are the prime factors of r?
2, 3
Suppose -d + 3*m - 8739 = -4*d, d + 2*m - 2909 = 0. List the prime factors of d.
2917
Let f = 9 + -6. Suppose -f = -3*m + 249. List the prime factors of m.
2, 3, 7
Suppose 2*b + i = 4*i + 29, 3*b - 3*i - 36 = 0. Suppose 0 = -b*h + 118 + 211. List the prime factors of h.
47
Let d be 0/(-1 + -1 + 0). Suppose 2*j + 8 = d, 0 = -5*u + 2*u - 5*j + 145. What are the prime factors of u?
5, 11
List the prime factors of (-3)/(-6) + 43/2.
2, 11
Let t(m) = m**3 + 29*m**2 - 193*m + 34. What are the prime factors of t(-29)?
3, 1877
Let p(h) = 18*h**2 + h + 1. Let s(f) = -f + 13. Let c be s(14). Let n be p(c). List the prime factors of (-131)/(-6) - (-3)/n.
2, 11
Let d be 0 - -1 - 1 - -56. What are the prime factors of 5/((-20)/(-8)) + d?
2, 29
Let r = -363 - -622. Let s = r + -182. What are the prime factors of s?
7, 11
Suppose 26*i - 29*i = -132. Suppose 0 = r + 2*f + 11 - i, -4*r + 5*f = -158. List the prime factors of r.
37
Let y be (-3)/(12/(-32)) + 0. Let c = -6 + y. Suppose w + d = -c*w + 67, -4*d + 58 = 2*w. What are the prime factors of w?
3, 7
Let l(d) = -4*d + 5. Let p be l(0). Suppose 0 = -p*x - 2*m + 3*m + 151, 2*x + 5*m = 55. List the prime factors of x.
2, 3, 5
Suppose 0 = -4*p - 4*r + 364, 54 + 67 = p - 5*r. Suppose p = 5*x - 59. What are the prime factors of x?
31
Suppose -380 + 2587 = v. What are the prime factors of v?
2207
Suppose 14*z = 2208 + 2594. List the prime factors of z.
7
Suppose 6686 - 3570 = 2*b. List the prime factors of b.
2, 19, 41
Suppose 15 = 3*s + 10*l - 7*l, 4*s - 3*l - 41 = 0. Suppose s*x = -593 + 1561. List the prime factors of x.
11
Let q be (-12)/(-2)*(1/(-3) - 0). List the prime factors of ((-2)/5)/(q - (-9)/5).
2
List the prime factors of ((-2183)/4)/((-25)/100).
37, 59
Suppose 0 = 3*u - 2*c - 458, u = -4*c - 73 + 235. Suppose -3*f + 2*n = -0*f - 90, 2*n + u = 5*f. What are the prime factors of f?
2
Let s = 4 - -1. Suppose s*g + z - 3*z = -10, -36 = 4*g + 4*z. Let d = 46 + g. List the prime factors of d.
2, 3, 7
Suppose -5*z - 10 = 0, -189 = -i + 4*z - 12. Suppose -5*k = -3*q + 146, 3*q - i = -3*k - 31. List the prime factors of q.
47
Suppose 5*p = -2*m + 557, -p + 5*m + 106 = -0*m. Suppose 4*x = -q + 2*x + p, 20 = 5*x. List the prime factors of q.
103
Suppose 56 = 2*y - 4*f - f, f - 2 = 0. Suppose y = 2*r - 189. List the prime factors of r.
3, 37
Let h be -2 - (-4 + -3) - 4. Let c(o) = 53*o**2 - 4*o + 4. List the prime factors of c(h).
53
Let q = 8 + -5. Let u = q + -1. Suppose 0 = u*h - 0*s - s - 34, 5*h - 84 = 3*s. List the prime factors of h.
2, 3
Suppose -2 = -2*r + 30. Suppose -r + 42 = 2*x + 2*h, 0 = -5*x - 2*h + 56. List the prime factors of x.
2, 5
Suppose 0 = 5*r - 5, -2*c = -0*c + r - 7. Suppose c*i = 4*y - 19, -2*i = -y - 0*i + 1. Suppose h - y = 7. What are the prime factors of h?
2, 7
Let x(o) = o**3 + 2*o**2 - 2*o - 3. Let p(q) = -q**2 - 3*q - 2. Let t be p(-3). Let b be x(t). What are the prime factors of 12/(-6) + 10*b?
2
Let c be 4/(-6) + 55/15. Suppose -276 = 7*q - c*q. What are the prime factors of (q/12)/(2/(-8))?
23
Suppose 3*z + 113 = 2582. What are the prime factors of z?
823
Let h = -58 - -111. Suppose 3*i = 2*i + h. What are the prime factors of i?
53
Let u = 6426 - 3314. List the prime factors of u.
2, 389
What are the prime factors of (-2)/(-9) - 97344/(-81)?
2, 601
Let h(r) = r**2 + 4*r + 6. Let z be h(-4). Let p = 4 - z. List the prime factors of 20 - (-3 - p)*-3.
17
List the prime factors of (-1020)/(-24)*(-28)/(-10) - 3.
2, 29
Let c(z) = 93*z - 6. Let p be 12/(-2)*8/(-24). List the prime factors of c(p).
2, 3, 5
Let p = -18 - -107. Suppose f + c = p, 3*c - 178 = f - 3*f. What are the prime factors of f?
89
Let s = 40 + 350. List the prime factors of s.
2, 3, 5, 13
Let i(p) = 2*p**2 - 4*p - 2. Let u be i(-3). Let z be 2 + 1 + -4 + 19. Let c = z + u. What are the prime factors of c?
2, 23
Suppose 6*c + 0*c = -258. Let p = c - -99. What are the prime factors of p?
2, 7
Suppose 1623*c - 1388 = 1621*c. List the prime factors of c.
2, 347
Let v = 49 + -24. Suppose -2*b = n - b, -4*n + b = -v. Suppose 82 = n*t + 2. What are the prime factors of t?
2
Let l be ((-8)/12)/((-6)/9). Let s be (-34 - (-1 + -3))/l. List the prime factors of s/50 + (-133)/(-5).
2, 13
Let i = 167 + -163. List the prime factors of i.
2
List the prime factors of ((-48)/(-9))/(44/858).
2, 13
Suppose 3*y + 8 = g, -3*g - g + 2*y + 12 = 0. Suppose g*i = 3*f + 101, 0 = -3*i + 4*f + 72 + 79. List the prime factors of i.
7
Let p = -2048 - -2912. Suppose 4*q = -4*q + p. What are the prime factors of q?
2, 3
Let t(m) = m**2 - 6*m - 3. Let z be t(7). Suppose 3*b = -1 + 4, 0 = 3*v + z*b - 136. What are the prime factors of v?
2, 11
Let r be 10/(-35) - 46/(-14). Suppose 0 = r*n + 4*b + b - 29, -b = -4*n + 8. Suppose s + 34 = n*s. What are the prime factors of s?
17
Suppose -b + 249 = 4*s, 3*b = -b + 5*s + 1080. List the prime factors of b.
5, 53
Let r be (32/4 - 3) + -3. List the prime factors of (-5)/r*56/(-5).
2, 7
Suppose -2*v - 6 = 0, -5*v - 37 = -3*o + 56. Suppose h + 0*z - 27 = 5*z, 3*h - 4*z - o = 0. List the prime factors of h.
2
Suppose 34*u - 22145 = -9*u. List the prime factors of u.
5, 103
Let j(d) = 6*d**2 + 2*d - 2. Let o be j(1). What are the prime factors of (39/o)/(36/(-40) - -1)?
5, 13
Suppose 0 = 5*z - 5, -4*z = 5*v + z - 5. Suppose -a - 3*a + 12 = v. Suppose 61 + 95 = 2*x + 3*y, -a*x = 5*y - 234. What are the prime factors of x?
2, 3, 13
Let y(l) = l**3 + 2*l**2 - 26*l + 32. What are the prime factors of y(7)?
3, 97
Suppose -42*r + 58*r = 9280. List the prime factors of r.
2, 5, 29
Suppose -41*d + 8048 = -7122. List the prime factors of d.
2, 5, 37
Let i be ((-6)/(-2))/1 - 0. Suppose -i*l = 2*l - 190. Let r = l + -27. What are the prime factors of r?
11
What are the prime factors of -426*2*1/(-2)?
2, 3, 71
Let n be 4/(8/6) + 1. Let j be 4/(-10) + ((-260)/(-25) - 6). Let p = n + j. What are the prime factors of p?
2
Let y(s) = 3*s**3 - 31*s**2 + 17*s + 95. Let c(x) = -2*x**3 + 15*x**2 - 8*x - 48. Let z(v) = 5*c(v) + 3*y(v). List the prime factors of z(-19).
197
Suppose c - 39 = 2*l, -5*l + 120 = 5*c - 0*l. Let x(u) = -u**3 + 5*u**2 + 9. Let y be x(5). What are the prime factors of (c - 0)/(y - 8)?
29
Let w = 19 + -16. Let t(p) = 3*p**2 - w + 18*p**3 - p - 15*p**3 + 2*p. List the prime factors of t(2).
5, 7
List the prime factors of (-10)/(-80) + ((-136782)/16)/(-9).
2, 5, 19
Let d = -466 - -1715. What are the prime factors of d?
1249
Let z = -17 + 17. Suppose z*q = -3*q + 21. What are the prime factors of q?
7
Let r(x) = x**3 - 6*x**2 - x + 6. Let a be r(6). Suppose -d = -5*j - 10, 5*d + 4*j + 3 + 5 = a. Let m = d + 7. List the prime factors of m.
7
Suppose -3*s = -2*n + 705, 1467 = 3*n - 2*s + 422. What are the prime factors of n?
3, 5, 23
Let g(v) = 260*v**2 + 117*v + 5. List the prime factors of g(-4).
3697
Let k = 19 + -24. Let j be 369/12 + (-2)/(-8). Let f = j - k. What are the prime factors of f?
2, 3
Suppose -10*r = 31*r - 151003. What are the prime factors of r?
29, 127
Let d = 103 + 5. Let u = 99 + -37. Let i = d - u. List the prime factors of i.
2, 23
Let i(j) be the first derivativ